{"id":74,"date":"2021-04-18T14:02:34","date_gmt":"2021-04-18T12:02:34","guid":{"rendered":"http:\/\/79.170.40.54\/kostasvoulgaris.com\/gipsy-airlines\/?page_id=74"},"modified":"2021-04-18T14:21:38","modified_gmt":"2021-04-18T12:21:38","slug":"musique","status":"publish","type":"page","link":"http:\/\/79.170.40.54\/kostasvoulgaris.com\/gipsy-airlines\/?page_id=74","title":{"rendered":"Musique"},"content":{"rendered":"\n<figure class=\"wp-block-embed-youtube wp-block-embed is-type-video is-provider-youtube wp-embed-aspect-16-9 wp-has-aspect-ratio\"><div class=\"wp-block-embed__wrapper\">\n<iframe title=\"Gipsy Airlines - Pyromane\" width=\"696\" height=\"392\" src=\"https:\/\/www.youtube.com\/embed\/XvCsGMZQfmo?start=13&#038;feature=oembed\" frameborder=\"0\" allow=\"accelerometer; autoplay; clipboard-write; encrypted-media; gyroscope; picture-in-picture\" allowfullscreen><\/iframe>\n<\/div><\/figure>\n\n\n\n<p class=\"has-text-align-left\"><strong>Le concert :<\/strong> (Tout public &#8211; 1h30)<\/p>\n\n\n\n<div class=\"wp-block-group\"><div class=\"wp-block-group__inner-container\">\n<blockquote class=\"wp-block-quote\"><p>Chansons et morceaux interpr\u00e9t\u00e9s au chant, \u00e0 l&#8217;accord\u00e9on et \u00e0 la clarinette. Notre r\u00e9pertoire est principalement constitu\u00e9 de reprises de musiques et de chansons traditionnelles de France et de diff\u00e9rents pays d\u2019Europe, en particulier des Balkans. Les influence sont tr\u00e8s diverses : Musique Tzigane, Balkan, Klezmer, Musique classique, Jazz manouche, Swing New Orlean&#8217;s &#8230;<\/p><\/blockquote>\n<\/div><\/div>\n\n\n\n<p><\/p>\n\n\n\n<p><\/p>\n\n\n\n<div class=\"wp-block-group\"><div class=\"wp-block-group__inner-container\"><\/div><\/div>\n\n\n\n<div class=\"wp-block-image is-style-rounded\"><figure class=\"aligncenter size-medium\"><img loading=\"lazy\" width=\"300\" height=\"225\" src=\"http:\/\/79.170.40.54\/kostasvoulgaris.com\/gipsy-airlines\/wp-content\/uploads\/2021\/04\/IMG-20200720-WA0002-1-300x225.jpg\" alt=\"\" class=\"wp-image-75\" srcset=\"http:\/\/79.170.40.54\/kostasvoulgaris.com\/gipsy-airlines\/wp-content\/uploads\/2021\/04\/IMG-20200720-WA0002-1-300x225.jpg 300w, http:\/\/79.170.40.54\/kostasvoulgaris.com\/gipsy-airlines\/wp-content\/uploads\/2021\/04\/IMG-20200720-WA0002-1-1024x768.jpg 1024w, http:\/\/79.170.40.54\/kostasvoulgaris.com\/gipsy-airlines\/wp-content\/uploads\/2021\/04\/IMG-20200720-WA0002-1-768x576.jpg 768w, http:\/\/79.170.40.54\/kostasvoulgaris.com\/gipsy-airlines\/wp-content\/uploads\/2021\/04\/IMG-20200720-WA0002-1-1536x1152.jpg 1536w, http:\/\/79.170.40.54\/kostasvoulgaris.com\/gipsy-airlines\/wp-content\/uploads\/2021\/04\/IMG-20200720-WA0002-1.jpg 1600w\" sizes=\"(max-width: 300px) 100vw, 300px\" \/><figcaption>Nous proposons \u00e9galement des repr\u00e9sentations en <strong>d\u00e9ambulatoire<\/strong> et des animations de rue !<\/figcaption><\/figure><\/div>\n","protected":false},"excerpt":{"rendered":"<p>Le concert : (Tout public &#8211; 1h30)<\/p>\n","protected":false},"author":1,"featured_media":0,"parent":0,"menu_order":0,"comment_status":"closed","ping_status":"closed","template":"template\/template-about.php","meta":[],"_links":{"self":[{"href":"http:\/\/79.170.40.54\/kostasvoulgaris.com\/gipsy-airlines\/index.php?rest_route=\/wp\/v2\/pages\/74"}],"collection":[{"href":"http:\/\/79.170.40.54\/kostasvoulgaris.com\/gipsy-airlines\/index.php?rest_route=\/wp\/v2\/pages"}],"about":[{"href":"http:\/\/79.170.40.54\/kostasvoulgaris.com\/gipsy-airlines\/index.php?rest_route=\/wp\/v2\/types\/page"}],"author":[{"embeddable":true,"href":"http:\/\/79.170.40.54\/kostasvoulgaris.com\/gipsy-airlines\/index.php?rest_route=\/wp\/v2\/users\/1"}],"replies":[{"embeddable":true,"href":"http:\/\/79.170.40.54\/kostasvoulgaris.com\/gipsy-airlines\/index.php?rest_route=%2Fwp%2Fv2%2Fcomments&post=74"}],"version-history":[{"count":11,"href":"http:\/\/79.170.40.54\/kostasvoulgaris.com\/gipsy-airlines\/index.php?rest_route=\/wp\/v2\/pages\/74\/revisions"}],"predecessor-version":[{"id":88,"href":"http:\/\/79.170.40.54\/kostasvoulgaris.com\/gipsy-airlines\/index.php?rest_route=\/wp\/v2\/pages\/74\/revisions\/88"}],"wp:attachment":[{"href":"http:\/\/79.170.40.54\/kostasvoulgaris.com\/gipsy-airlines\/index.php?rest_route=%2Fwp%2Fv2%2Fmedia&parent=74"}],"curies":[{"name":"wp","href":"https:\/\/api.w.org\/{rel}","templated":true}]}}